, 3*s + 6 = 2*k + 36. Let o(w) = 273*w - 10369. Calculate the remainder when s is divided by o(38).
0
Let n = -1727 - -1735. Calculate the remainder when 4485 is divided by n.
5
Let z = -209 + 213. Suppose 0 = -2*c + 332 - z. What is the remainder when c is divided by 59?
46
Calculate the remainder when ((-2304)/(-54))/((-2)/15*-1) is divided by 320.
0
Let l = -466 + 447. Let d = l + 291. Calculate the remainder when d is divided by 21.
20
Suppose 6*x = -3*p + 480, 8*x - 814 = -5*p + 5*x. What is the remainder when p is divided by 9?
2
Suppose 238*o - 242*o = 3*w - 191, 234 = 4*w - 5*o. Calculate the remainder when 3959 is divided by w.
55
Let l be 1/3 + 178/6. Let k(f) = 129*f + 3919. Let c be k(-30). Let o = c - l. What is the remainder when 37 is divided by o?
18
Suppose -20 = -l + 13. Let s be ((-63)/(-28))/(9/288). Let u = s - l. Calculate the remainder when u is divided by 7.
4
Let a = 401 - 391. Suppose -a*o = f - 9*o - 2, -4*f - 5*o + 8 = 0. Let z = -14 + 21. Calculate the remainder when z is divided by f.
1
Suppose 2*r = 21 + 13. Suppose -3*j + 13 = y, 7*y + 3*j = 5*y + 26. What is the remainder when r is divided by 1*y + 178/(-89)?
6
Let z = -16478 + 16511. Let q(i) = 2*i**2 - 6*i - 6. Calculate the remainder when z is divided by q(5).
5
Let z be -8*(1/(-6) + (-3)/9). Let x(t) = 14*t - z*t**2 - 4*t + t**3 - 8 - t**2 - 8*t. Calculate the remainder when 2 is divided by x(5).
0
Suppose 2*p + 4*o = 450, -3*o - 390 = -4*p + 499. What is the remainder when p is divided by 104?
15
Let f(k) = -k**3 + 29*k**2 + 25*k - 693. Calculate the remainder when 171 is divided by f(29).
11
Let p = -1 + 3. Let x(b) = -17*b + 126. Suppose 0 = a - 3*k - 1, 15 = a - 5*k + 9*k. What is the remainder when x(a) is divided by p?
1
Let q(c) = -c**3 + 6*c**2 + 9*c - 46. Let k be q(6). Suppose -k*x = -401 - 263. What is the remainder when x is divided by 14?
13
Suppose 5*b + 61 = 46, -b - 4619 = -2*f. What is the remainder when f is divided by 144?
4
Suppose -2*c - 5*x + 249 = 0, c + 3022*x - 149 = 3023*x. Calculate the remainder when c is divided by -1 - -10*7/2.
6
Let r = 509 + -355. Let x = -89 + r. Suppose b = -5*a - 4*b + x, 5*a + b = 81. Calculate the remainder when 100 is divided by a.
15
Suppose -2*r - 8 = 5*n, -r + 6 = -3*n - 12. Let i(l) = l + 4. Let x be i(r). Calculate the remainder when ((-472)/x - -2)*5/(-2) is divided by 13.
9
Suppose -5*y - 2184 = 4*v, 2*y + 1 + 7 = 0. Let g = 622 + v. What is the remainder when g is divided by 17?
13
Suppose 4*a - 16 = -5*c, 2*c = 3*c + 5*a - 20. Suppose -4*t - l + 27 + 222 = 0, c = 5*l - 25. Calculate the remainder when 154 is divided by t.
32
Suppose 3*h = -h + 4*s + 2976, 1464 = 2*h + 4*s. What is the remainder when 51/153 - (-1)/(3/h) is divided by 64?
55
Let a(j) = 6*j + 4. What is the remainder when a(13) is divided by 11?
5
Let w = 1429 + -1405. Calculate the remainder when 1407 is divided by w.
15
Suppose 20 = -4*x, 4*a - 2*x - 130 = -0*x. Let g = 2107 - 1463. Let i = g - 586. What is the remainder when i is divided by a?
28
Let y(l) = 28 - 8*l + 6*l + 8*l + 52. What is the remainder when 31 is divided by y(-12)?
7
What is the remainder when 2937 is divided by (25/(-10))/(((-840)/2768)/21)?
169
Let c = -27 - -37. Let z be ((-5)/c)/((-1)/30). Suppose -13*q = -12*q - z. What is the remainder when 42 is divided by q?
12
Let u(i) = i**3 - 3*i**2 - 8*i - 10. Let f be u(5). Calculate the remainder when -2 + 78 - (-8)/24*f is divided by 8.
4
Let x = 1718 - 496. What is the remainder when x is divided by 36?
34
Suppose -t + 1297 = -2*r, -5182 = 46*t - 50*t + 5*r. Calculate the remainder when t is divided by 100.
93
Suppose -77*z = 64*z + 82721 - 449039. Calculate the remainder when z is divided by 153.
150
Let w(m) = m**3 + 12*m**2 + 5*m - 15. Suppose 4*u + 0*u + 5*r + 331 = 0, 3*r - 228 = 3*u. Let j = -52 - u. Calculate the remainder when w(-11) is divided by j.
24
Suppose 143*l - 576 = 268*l - 137*l. What is the remainder when 861 is divided by l?
45
Let j(h) = h**2 - 31*h + 221. Calculate the remainder when 847 is divided by j(22).
19
Suppose 162*r - 14266 - 8231 = 507. Calculate the remainder when 707 is divided by r.
139
Suppose -13 = -10*l + 9*l. Let g = 20 - l. Suppose -g*v = 2*v - 324. What is the remainder when v is divided by 13?
10
Let r = 703 - 295. What is the remainder when r is divided by 84?
72
Suppose -19*p - 27*p + 29*p + 62628 = 0. Calculate the remainder when p is divided by 67.
66
Let d = -82 - -437. Suppose -33 = d*i - 356*i. What is the remainder when i is divided by 13?
7
Let j = -66 - -42. Let z be 3/(-8) + (-153)/j. Suppose -z*g - g + 154 = 0. Calculate the remainder when 43 is divided by g.
21
Let l(m) = -10*m**3 - 5*m - 4. Suppose 29 - 3 = -13*i. Calculate the remainder when l(i) is divided by 48.
38
Let g = 4523 + -4482. Calculate the remainder when 488 is divided by g.
37
Let w(o) = 2*o**3 - 4*o**2 - 10*o + 17. Let f be 345/45*(-1 - -4). Calculate the remainder when w(5) is divided by (-3 + f)/(6/9).
27
Let r be 1 - (2 + -3) - 1. Let i(p) = 4*p**2 - 7*p + 5. Calculate the remainder when r/3*(47 + 4) is divided by i(0).
2
Let d = -14030 - -14071. Calculate the remainder when 830 is divided by d.
10
Let v be 0*(-1)/((5 + -1)/4). Suppose v = -9*k + 7*k + 20. Suppose 0 = -3*p + 2*h + 22, 5*p - k = -3*h + 14. Calculate the remainder when p is divided by 2.
0
Let q(r) = r**2 - 4*r - 20. Let t be (-4)/(-14) + 44/(-7). Calculate the remainder when 65 is divided by q(t).
25
Suppose -3 = -c + 1. Suppose -79*u + 34 = -77*u. What is the remainder when c/(-1 - (-16)/14) is divided by u?
11
Suppose 21*g - 18 = 19*g. Suppose 0 = -2*j + 19 - g. Suppose 4*a + 2 - 14 = 0. What is the remainder when j is divided by a?
2
Let v(y) = 45*y**2 + 16*y - 17. Let f be v(-4). Let t = f - 607. Calculate the remainder when 42 is divided by t.
10
Suppose 0 = 18*l - 4*l - 359 - 313. Calculate the remainder when 198 is divided by l.
6
Suppose -20*f + 60 = -15*f. Let u be (7 - 4) + (f - -4). Let n = u + 3. Calculate the remainder when 106 is divided by n.
18
Let s(v) = v**2 - 3*v - 7. Suppose 2*k = -2*d - 88, -2*k + k = 3*d + 136. Let f = 41 + d. What is the remainder when 62 is divided by s(f)?
29
Let v(i) = 5*i**3 - 91*i + 2*i**2 + 95*i + 5 - 14*i**3. What is the remainder when v(-2) is divided by 20?
17
Let d(w) = -2*w**2 - 6*w + 12. Let u be ((-4)/(-6))/((92/24)/(-23)). What is the remainder when 30 is divided by d(u)?
2
Let t = -988 - -1960. Suppose -10*i + t = 2*i. Calculate the remainder when i is divided by 21.
18
Let j(g) = -2*g**2 - 11*g. Let b be j(-5). Suppose 54 = -c + 4*c - b*n, 5*n = -15. Calculate the remainder when c is divided by (-25)/10*(-1 - 1).
3
Suppose -36*f - 222*f = -2322. Let i = -32 + 83. What is the remainder when i is divided by f?
6
Suppose -497 = -3*k - 11. What is the remainder when k is divided by 106?
56
Calculate the remainder when 2*(-3)/18*1267008/(-64) is divided by 25.
24
Suppose -3*q + 24 = 0, 3*h - 4*q + 939 = 2374. What is the remainder when h is divided by 141?
66
Suppose -205*q + 9849 - 3203 = -5449. Calculate the remainder when 464 is divided by q.
51
Let j = -371 - -364. Let r(a) = -a**3 - 8*a**2 - 5*a + 19. What is the remainder when 38 is divided by r(j)?
3
Let v(z) = 5*z + z**3 - 2*z + 10*z - 16 + 13*z**2 - 3*z + 2. Let i(f) = -3*f**2 + f + 2. Let y be i(-2). Calculate the remainder when 29 is divided by v(y).
9
Let d = -598 + 228. Let z = -358 - d. What is the remainder when 14 is divided by z?
2
Let d = 2475 + -2464. What is the remainder when 917 is divided by d?
4
Let d(s) be the first derivative of 1/2*s**2 + 28*s - 7. Calculate the remainder when d(-15) is divided by 4.
1
Let x be 4/(8/14 + 9/21). Suppose x*m + 10 = -6. Calculate the remainder when 8 is divided by (-7)/(-28) + (-7)/m.
0
Let m = 17 - 8. Suppose t = 3*t + 5*l - 30, 4*t - 3*l = 8. Suppose t*b - 21 = -1. What is the remainder when m is divided by b?
1
Let f(h) = h**2 + 9*h - 11. Let k be f(-10). Let n = -211 - -232. Calculate the remainder when ((-4)/4 - -7)*(14 + k) is divided by n.
15
Let u be 3/(-10)*5*(-8)/6. Suppose 10 - 14 = -u*c. Suppose 2*b + 4*z = -b + 62, 2*b - 32 = c*z. Calculate the remainder when 34 is divided by b.
16
What is the remainder when 298 is divided by ((-106)/75 - (-20)/